49?
81
Calculate the highest common divisor of 19 and 51756.
19
Calculate the greatest common factor of 1990950 and 11700.
1950
Calculate the highest common factor of 2 and 367754.
2
What is the greatest common divisor of 166198 and 598?
46
What is the greatest common divisor of 4599 and 302512?
511
What is the highest common factor of 3125 and 100?
25
Calculate the greatest common factor of 200392 and 17464.
296
What is the highest common divisor of 405 and 2565?
135
What is the highest common divisor of 20 and 15248?
4
What is the greatest common divisor of 1337 and 35?
7
What is the highest common divisor of 1654995 and 19?
19
What is the highest common divisor of 2007680 and 40?
40
Calculate the highest common divisor of 80 and 70340.
20
Calculate the highest common factor of 8316 and 19932.
132
Calculate the highest common factor of 4078 and 16432301.
2039
Calculate the highest common factor of 4961 and 8349.
121
Calculate the greatest common divisor of 22 and 1939619.
11
What is the highest common factor of 1745358 and 3438?
1146
Calculate the highest common divisor of 18328 and 28.
4
What is the greatest common divisor of 143201 and 1157?
89
Calculate the greatest common divisor of 1420804 and 5390.
1078
What is the greatest common factor of 18189 and 69273?
387
What is the highest common divisor of 5184 and 183708?
324
What is the greatest common factor of 26622 and 210222?
918
What is the highest common factor of 72 and 31380?
12
Calculate the highest common factor of 1808 and 11074.
226
What is the greatest common divisor of 30 and 91920?
30
Calculate the greatest common factor of 483861 and 84.
21
Calculate the highest common factor of 22 and 162371.
11
What is the highest common divisor of 4 and 1006?
2
Calculate the greatest common divisor of 29440 and 3008.
64
What is the highest common divisor of 3192 and 248304?
168
Calculate the greatest common factor of 421164 and 684.
36
Calculate the greatest common divisor of 20 and 607990.
10
Calculate the highest common divisor of 36596 and 70.
14
What is the greatest common divisor of 59 and 126319?
59
Calculate the highest common divisor of 18414 and 130878.
198
What is the highest common factor of 32 and 202144?
32
Calculate the highest common divisor of 44608 and 2006.
34
Calculate the greatest common divisor of 532 and 59318.
266
Calculate the greatest common divisor of 49649 and 393.
131
What is the highest common divisor of 768 and 469632?
384
What is the highest common factor of 55476 and 460?
92
Calculate the greatest common factor of 6 and 26538.
6
Calculate the greatest common factor of 12 and 1369284.
12
What is the greatest common divisor of 6854 and 1633?
23
Calculate the greatest common factor of 1573 and 335291.
121
What is the greatest common divisor of 9040 and 2453456?
1808
What is the highest common divisor of 6930 and 90720?
630
Calculate the highest common divisor of 357 and 22629159.
357
Calculate the greatest common divisor of 2682234 and 486.
486
What is the greatest common divisor of 27030 and 5610?
510
Calculate the highest common factor of 244 and 301828.
244
Calculate the highest common divisor of 295440 and 720.
240
Calculate the highest common factor of 162355 and 95.
95
What is the greatest common divisor of 231099 and 66?
33
What is the greatest common factor of 8090 and 40?
10
Calculate the greatest common factor of 12174 and 18.
6
Calculate the highest common factor of 5192 and 198.
22
What is the greatest common factor of 7891 and 20163?
13
Calculate the highest common factor of 1800 and 32904.
72
Calculate the highest common factor of 1790451 and 26.
13
Calculate the greatest common factor of 3751 and 452848.
341
Calculate the greatest common divisor of 4304 and 3878980.
1076
What is the highest common divisor of 231 and 5901?
21
What is the greatest common factor of 12 and 79248?
12
What is the greatest common divisor of 874 and 6726?
38
What is the greatest common divisor of 7350 and 174300?
1050
What is the greatest common divisor of 3353 and 2443?
7
What is the highest common factor of 10712 and 6136?
104
What is the highest common factor of 44 and 859903?
11
What is the highest common factor of 612 and 20910?
102
Calculate the greatest common divisor of 614 and 95477.
307
What is the greatest common factor of 475 and 6289?
19
What is the greatest common factor of 2608469 and 923?
71
Calculate the greatest common factor of 19 and 207518.
19
What is the greatest common divisor of 92169 and 24339?
399
What is the greatest common divisor of 139755 and 945?
105
Calculate the highest common divisor of 175 and 176575.
175
Calculate the highest common factor of 354583 and 261.
29
Calculate the highest common divisor of 153790 and 175084.
2366
Calculate the highest common divisor of 1692202 and 92.
46
Calculate the greatest common divisor of 32572 and 884.
68
Calculate the greatest common factor of 1108 and 63710.
554
What is the greatest common factor of 11 and 304?
1
What is the greatest common divisor of 5122 and 14184?
394
Calculate the highest common factor of 658886 and 68.
34
What is the greatest common divisor of 531005 and 305?
305
Calculate the highest common divisor of 75075 and 650.
325
Calculate the highest common factor of 19762 and 943.
41
What is the highest common factor of 42048 and 102528?
576
Calculate the highest common divisor of 6848 and 268864.
64
Calculate the greatest common divisor of 68796 and 270.
54
Calculate the greatest common divisor of 20851 and 337211.
719
What is the greatest common divisor of 2560 and 376?
8
What is the greatest common divisor of 431808 and 858?
78
Calculate the greatest common factor of 940 and 187860.
20
Calculate the highest common factor of 82925 and 125.
25
What is the highest common factor of 2444 and 1872?
52
What is the greatest common divisor of 434 and 13361?
31
What is the highest common divisor of 493 and 1463717?
493
What is the highest common divisor of 45356 and 1700?
68
Calculate the highest common divisor of 162619 and 137.
137
What is the greatest common factor of 706448 and 1608?
536
What is the greatest common divisor of 154 and 1342?
22
What is the highest common divisor of 13226 and 2584?
34
What is the highest common divisor of 78858 and 17082?
234
What is the highest common factor of 28106 and 36566?
94
What is the greatest common divisor of 4575 and 2074?
61
Calculate the highest common divisor of 107746 and 68.
34
Calculate the greatest common factor of 2520 and 55020.
420
Calculate the highest common factor of 878 and 3951.
439
What is the greatest common factor of 3834 and 144982?
142
What is the greatest common factor of 16 and 14088656?
16
What is the greatest common divisor of 163408 and 112?
112
Calculate the highest common factor of 344 and 197671.
43
Calculate the greatest common factor of 224361 and 194.
97
What is the greatest common divisor of 3008 and 9400?
376
Calculate the highest common divisor of 32315 and 805.
115
What is the highest common divisor of 460772 and 338?
26
Calculate the greatest common divisor of 79 and 188731.
79
Calculate the greatest common divisor of 19635 and 15477.
231
What is the greatest common factor of 10932 and 6384?
12
What is the highest common divisor of 308 and 1739276?
308
What is the greatest common factor of 3186 and 108?
54
What is the greatest common divisor of 4393 and 37858?
23
Calculate the greatest common divisor of 99 and 47179.
11
What is the highest common divisor of 5944 and 4912?
8
What is the greatest common factor of 4223 and 10496?
41
What is the highest common divisor of 28779 and 4399?
53
Calculate the highest common divisor of 84 and 133588.
28
Calculate the highest common factor of 26 and 71474.
26
What is the greatest common divisor of 3765223 and 5243?
749
What is the highest common divisor of 2394 and 179151?
399
Calculate the highest common divisor of 340985 and 705.
235
What is the greatest common divisor of 364 and 3874?
26
Calculate the greatest common divisor of 210 and 3750.
30
Calculate the highest common divisor of 49301 and 112.
7
What is the highest common factor of 8814 and 2262?
78
What is the greatest common factor of 4958 and 65046?
74
Calculate the highest common factor of 902635 and 1035